 b be ((-1290 - 5)/d)/((-2)/(-2)). What is the greatest common factor of 74 and b?
37
Let t(p) = 45*p - 99. Let l be t(34). What is the highest common divisor of l and 81?
27
Let v be 21 + 1 - (-18 - -17). Suppose v*h - 564 = -24*h. Calculate the highest common divisor of 148 and h.
4
Let q = 27528 - 26908. Calculate the greatest common divisor of 90 and q.
10
Let r = 2125 + -2127. Suppose -644 + 264 = 4*u. Let g be 836/u*25/r. Calculate the greatest common factor of g and 10.
10
Suppose 0 = 6*i + 89 - 23. Let a be ((-6)/10 - 0)*(-64 + i). Suppose 5*f = 10, 24 = 5*s + 3*f - 7. What is the greatest common divisor of a and s?
5
Suppose -12*b + 2*x = -15*b + 141, -2*b + 105 = 5*x. Calculate the greatest common divisor of 12750 and b.
15
Let o be 16 + 5 + 6/((-30)/5). Calculate the highest common divisor of 3 and o.
1
Let b be 45*(-6)/(-105)*644. Calculate the greatest common divisor of 144 and b.
72
Let v = -5851 + 8520. Calculate the highest common factor of v and 628.
157
Suppose -4*m + 3*q + 604 = 0, q - 37 + 335 = 2*m. Calculate the highest common factor of 3538 and m.
29
Suppose -15 = -3*m + 5*d, -4*d = -m + 5*m - 52. Let q(y) = -2*y**2 - 86*y - 34. Let u be q(-41). What is the greatest common divisor of m and u?
10
Let l = 823 - 794. Let p = l + 91. Calculate the greatest common divisor of p and 72.
24
Let a(n) = n**3 - 11*n**2 - 42*n + 523. Let b be a(10). Let x(q) = q**2 + 6*q + 8. Let o be x(-6). Calculate the greatest common factor of b and o.
1
Let y = 1631 + -1541. Calculate the highest common divisor of y and 1830.
30
Suppose 4*c + 4*r = 8440, 2*c = 2*r + 6734 - 2518. Calculate the highest common divisor of c and 57.
57
Suppose 14*a = 12*a + 6. Let x = 24 + -22. Suppose -x = -j + a. What is the greatest common divisor of j and 40?
5
Let c = 244 - -935. Suppose -1187 + c = -i. Calculate the highest common divisor of i and 8.
8
Let a(w) = 410*w**3 + 2*w**2 - 7*w + 6. Let u be a(2). Calculate the highest common factor of u and 2665.
205
Let i be (-60)/9*(302/4)/((-2)/6). Calculate the greatest common factor of i and 80.
10
Suppose -5 + 275 = 9*c. Let h be (-4)/c - ((-11785)/75 - 8). What is the highest common factor of 75 and h?
15
Let z = 47468 - 22690. Calculate the highest common factor of z and 13.
13
Let j be 1/(-3)*(-6 + -3). Let r be (-4)/j*(-6 + 0). Let f = 26 - r. What is the greatest common factor of 27 and f?
9
Suppose 0 = 4*u + 3*h - 517, -5*h = -3*u + 44 + 380. What is the highest common divisor of 6118 and u?
133
Suppose -2*i - 3 = 3*x, -2 = -2*i - 2*x - 0*x. Let f be -28 - 0 - (i - 7). Let a = f - -60. Calculate the greatest common divisor of 33 and a.
33
Suppose 217*s - 216*s = -13. Let k be s + 33 + -2*1. Calculate the greatest common factor of 81 and k.
9
Let u = 360 - 297. Let r be (-18)/(-10)*420/u. What is the highest common divisor of r and 564?
12
Let c(p) = -128*p - 1745. Let r be c(-14). What is the greatest common factor of r and 5640?
47
Suppose -45 = 7*k + 210 - 2019. What is the highest common divisor of 441 and k?
63
Let i(y) = -11*y - 2. Let b be i(-5). Let a(m) = -5 + 94*m - b*m - 55*m - m**2. Let z be a(-13). Calculate the highest common divisor of z and 48.
8
Let r = -28310 + 29180. Calculate the greatest common factor of 250 and r.
10
Suppose -5*m + 5*o = 0, 32*m = 33*m + 3*o. Let f be 60520/204 - (m + 1/(-3)). What is the highest common factor of 22 and f?
11
Let k be ((-40)/3)/(2/(-12)). Suppose 291*f + 161*f - 90400 = 0. What is the highest common divisor of f and k?
40
Let u = 12 - -20. Suppose -17*k + 2*k = -120. Suppose 0 = k*a - 11 - 21. What is the highest common factor of a and u?
4
Let a = 3 - 2. Let r be -4 - (-1 - a) - 1*13. Let m = r - -30. What is the greatest common factor of m and 105?
15
Let w(r) = 40*r**3 - r**2 + 1. Let o be w(1). Suppose -8*q + 65 = 5*q. Suppose -16 = q*t - t, c - 4*t = 136. Calculate the highest common divisor of o and c.
40
Suppose -2*o + 26 + 25 = -r, 2*o + 3*r - 63 = 0. Suppose o*n = 24*n + 12. What is the greatest common factor of n and 12?
4
Suppose 2*v = 7 + 1. Suppose -4*o - 170 - 110 = 0. Let b = 90 + o. Calculate the greatest common factor of b and v.
4
Let l = 172 + -304. Let u = 153 + l. Calculate the highest common divisor of u and 28.
7
Let a be (60/(-16))/((-3)/12). Suppose 0 = -2*z + 3*z - 12. What is the highest common factor of a and z?
3
Let k = -500 - -42. Let t = k + 521. Calculate the greatest common divisor of 168 and t.
21
Let s be (399/(-266))/(1/(-4)). Calculate the highest common divisor of s and 1878.
6
Let b(m) = 6*m + 2*m**2 + m**2 + 12*m + 3 + 16 + 30*m. Let d be b(-16). What is the highest common divisor of d and 3?
1
Suppose 5*j - 1083 = g, 372 + 70 = 2*j + 4*g. Suppose -j + 185 = -4*u. What is the greatest common factor of u and 8?
8
Suppose g = -5*m + 113, 0 = 9*g + m - 447 - 350. Calculate the greatest common divisor of 2024 and g.
88
Let w(c) = -c**2 - 13*c + 38. Let x be w(-16). Let h(q) = -16*q - 86. Let l be h(x). What is the greatest common divisor of l and 2?
2
Let h = -1990 + 3387. Calculate the highest common divisor of h and 1143.
127
Let k be (5 + (27 - 5))/((-1)/(-3)). Suppose 0 = -8*q - q + k. What is the highest common divisor of q and 18?
9
Let i be 146/4 + 7/(-14). Let x = i - -57. What is the highest common factor of x and 62?
31
Let q(r) = -184*r**2 + 2*r - 1. Let d be q(1). Let a = d - -291. Calculate the highest common divisor of a and 24.
12
Suppose -24*w + 56 = -20*w. Suppose -3*k + 50 = w. Suppose 30 = 9*b - 186. What is the greatest common divisor of k and b?
12
Let n be (430/(-258))/((-5)/387). Suppose 4*q = 232 - 208. What is the highest common divisor of n and q?
3
Let d be (-2)/7 - ((-93)/(-4))/(154/(-11176)). What is the greatest common factor of 7 and d?
7
Let g(v) = 29*v**3 + 153*v**2 + 8*v - 5. Let a be g(-5). Calculate the highest common divisor of a and 1147.
31
Suppose 3009*l - 2742*l - 1068 = 0. What is the greatest common factor of l and 21116?
4
Let v = -35 + 38. Suppose -i - 19 = -2*r, -i - i - 28 = -v*r. Suppose -7*g - r = -8*g. What is the highest common factor of 110 and g?
10
Suppose 0 = o + 2*o - 30. Let c(x) = x**3 - 31*x**2 + 86*x - 4. Let u be c(3). Calculate the greatest common factor of u and o.
2
Let i(r) be the first derivative of 11*r**2 - 56*r + 54. Let m be i(5). What is the highest common divisor of 12 and m?
6
Let v(b) = -352*b - 61. Let g be v(-9). What is the highest common divisor of 39 and g?
13
Let n = -54 - -101. Let d be 1162/6 - (-1241)/(-219). What is the highest common factor of n and d?
47
Suppose -5 = 2*b - 3*b. Suppose -b*j - 328 = 122. Let i be (15 - 0)/((-54)/j). Calculate the highest common factor of i and 125.
25
Let o = 196 - 97. Let s = o - 55. Suppose -21*i = 21*i - 913 + 577. What is the highest common factor of i and s?
4
Let r(h) = 5 + 21 + 26 + 18*h - 19*h. Let s be r(34). Calculate the highest common factor of s and 324.
18
Let v(s) = -5*s**3 + 4*s**2 + 4*s + 2. Let m be v(-2). Let d be m*(3 + (-34)/10)/(-1). Let i = 20 - -10. Calculate the highest common factor of i and d.
10
Let n be (4 + 1)/(-2 - -3). Let h(b) = b**3 - 101*b**2 + 1071*b - 52. Let y be h(89). What is the highest common factor of n and y?
5
Suppose -3*l - 240 = 4*r, -3*l + 3*r - 6*r - 243 = 0. Let s = l + 86. Let b be s*4/(-44) - 167/(-11). Calculate the highest common divisor of b and 25.
5
Let a = 7214 - 6160. What is the greatest common divisor of a and 136?
34
Suppose 8*t + 202 = 10*t. Let z = t + -71. Let s be 596/z - (-4)/30. Calculate the highest common factor of 60 and s.
20
Suppose -160*q + 52972 = -20*q - 26548. Calculate the greatest common factor of q and 240.
8
Let s be 4/8*3/((-9)/(-120)). Let w = 55 - s. Let t = 18 + -11. Calculate the highest common divisor of t and w.
7
Let r(x) = 19*x**2 + 2*x + 5. Let j be r(-2). Let u = -21 + j. Suppose -3*w - u = -7*w. What is the highest common divisor of w and 28?
14
Suppose -18*p - 79 + 413 = -296. Let n be -1*((-2 - -1) + 2). Let i = 8 + n. Calculate the greatest common factor of i and p.
7
Suppose -4*n - j - 103 = 0, -3*n + 10 = -4*n + 5*j. Let d = n + 31. Let g be -1 - (-2 - 16) - (d + -4). Calculate the greatest common divisor of 15 and g.
15
Suppose 0 = -4*x - 8, 4*x - 742 = 3*v - 14547. Calculate the highest common d